 1 = 0, 6*k = k + 4*m - d. Let j(s) = -s**2 - 5*s + 8. Give j(k).
2
Let y be 0/((5 + -1)/4). Let v(w) = -9*w**2 - 2*w + 3*w + 1 + y*w - w**3 + 14*w**2. What is v(5)?
6
Let n(v) = v**2 - 3*v - 5. Let c be n(5). Let a(j) = j**2 - 3*j - 3. Determine a(c).
7
Let t(y) be the first derivative of 1/2*y**2 + 2*y + 5. Suppose 2*p = 2*z - 10, 5 = 5*z - z - p. Give t(z).
2
Let l(f) = f - 1. Let n(h) = -1. Let d(u) = -2*l(u) + 6*n(u). What is d(-5)?
6
Let p = -2 - -3. Let f(w) = w**3 - 5*w**2 - 3*w + 2. Let k(z) = -4*z - 3. Let x(o) = o + 1. Let s(y) = -2*k(y) - 7*x(y). Let q(g) = p*f(g) + 5*s(g). Give q(5).
7
Let m(x) = -x + 1. Let u be m(-1). Suppose -w = -u*w - 3. Let o(z) = -25*z - 7. Let t(p) = 6*p + 2. Let d(c) = 2*o(c) + 9*t(c). What is d(w)?
-8
Let d(w) = -w**3 - 3*w**2 + 3*w - 4. Let n be d(-4). Let y(h) be the second derivative of -1/6*h**3 - 2*h**2 + n + h. Calculate y(-6).
2
Let a(s) = s**2 - 6 + 0 + 4 + 7*s. Suppose -y = o + 8, -2*o + 6*o - 4*y = -24. Calculate a(o).
-2
Suppose 5*g - 3*n = -21, -31 - 2 = 3*g + 5*n. Let z(r) = r + 5. Determine z(g).
-1
Let j be (4/(-6))/((-4)/18). Let m = 7 + -5. Let s(a) = 3 - 2*a**m + 3*a**2 - 5*a - 2*a**2 + 3*a**2. Calculate s(j).
6
Let j(h) = -5*h**2 - h + 4. Let c(k) = 6*k**2 + 2*k - 5. Let l(m) = -6*c(m) - 7*j(m). Let d = -13 - -8. What is l(d)?
2
Let q(v) = v**2 + 3. Let f be q(0). Let b(n) = 4*n + 0*n**2 - 2 + n**2 - 2*n**2. Determine b(f).
1
Let y(k) be the third derivative of -k**4/24 + k**3/3 - k**2. Suppose -4*t - 2*g = -8, t - 3*g = 5*t - 12. Give y(t).
2
Let o(p) = -3*p + 7*p**2 + 2 - 5*p**2 - p**2. Determine o(3).
2
Suppose -3*m = -7*m - 12. Let v(g) be the first derivative of -g**2/2 - 7*g + 1. Determine v(m).
-4
Let q(t) be the second derivative of -t**3/3 - 3*t**2/2 - 3*t. Let w = 1 - 0. Let s = w + -3. What is q(s)?
1
Let g(l) be the first derivative of -l**2/2 - 3*l - 8. Determine g(6).
-9
Let u(h) = h**3 - h**2 - 3*h - 4. Let r(f) = -2*f**3 + 2*f**2 + 4*f + 5. Let y(v) = 3*r(v) + 4*u(v). Let l(d) = d - 3. Let x be l(5). Determine y(x).
-9
Let k(v) = -v**3 + v**2 - 2*v + 3. Let a = 13 - 11. What is k(a)?
-5
Suppose 4 = -0*n + 2*n + 2*g, 2*n = -4*g + 10. Let k(a) be the second derivative of -2*a**3 - a. Give k(n).
12
Let i(b) = -1. Let p(a) = 4*a**2 + 2*a - 4. Let c(v) = i(v) - p(v). Let o(l) = 11*l**2 + 7*l - 8. Let u(f) = 8*c(f) + 3*o(f). Calculate u(-3).
-6
Suppose -5*m + 1 = -2*s - 4, m = 4*s + 1. Let x(r) = 1 - 1 + r**3 + 3 - r. Calculate x(s).
3
Let l(a) be the second derivative of -a**4/12 + a. Let i(o) = o**3 + o + 1. Let s be i(-1). What is l(s)?
-1
Let v be 3 + -1 + 0 + 0. Suppose 3*g - 7 = -v*r, -3*r + 0*g + 4 = -2*g. Let m(q) = -q**2 - q + 1. Let z be m(r). Let f(p) = p + 1. Give f(z).
-4
Let a = -33 - -39. Let t(h) = h**3 - 6*h**2 - 1. Give t(a).
-1
Let l(d) = d**3 + 5*d**2 - d - 3. Let w = -1 - -11. Let j be (4/(-8) + 0)*w. Calculate l(j).
2
Suppose -4*s = -5*r - 2, -5*r - 4*s = -8*r + 2. Let w(d) = -3*d**2 + 3*d + 6. Let v(l) = l**2 - 2*l - 3. Let c(m) = r*w(m) - 5*v(m). What is c(-4)?
3
Suppose -4*r = -2*y - 18, -4*r + 2*y = 5*y - 43. Suppose -r*t = -3*t + 2*l - 2, 5*t + 1 = l. Let v(b) = b**2 + b. Calculate v(t).
0
Let p(h) = -h**2 + 6*h - 5. Let l be p(5). Let v be 2/((-4)/(-8)*-4). Let n = v - l. Let r(d) = -d + 1. Determine r(n).
2
Let u(j) be the first derivative of 3 + 0*j + 1/4*j**4 + 4/3*j**3 + 0*j**2. Give u(-4).
0
Let v(u) = -7*u + 4. Let z(s) = 22*s - 11. Let j(l) = 7*v(l) + 2*z(l). Let r(a) = 9*a - 13. Let h(n) = 5*j(n) + 3*r(n). Determine h(6).
3
Let b(k) = -3*k**2 + k + 1. Let r = 7 + -6. Suppose 5*o + 4 = -r. What is b(o)?
-3
Let s(h) = h**2 - 5*h - 1. Let k be s(4). Let j(f) be the second derivative of 1/12*f**4 + 0 + 2/3*f**3 - 1/2*f**2 + 6*f. Calculate j(k).
4
Let q(i) = -i**2 + i - 2. Let s be 10*(-1)/(-2)*10/(-25). Give q(s).
-8
Let s = 2 + 0. Suppose t - s = 1. Let r(u) = -10*u**2 + 13*u - 2. Let z(l) = 7*l**2 - 9*l + 1. Let j(a) = -5*r(a) - 7*z(a). Determine j(t).
6
Let y(x) be the third derivative of -x**4/24 + 4*x**3/3 - 2*x**2. Let s be y(6). Let a(c) = -2*c + 1 - 2*c**s + 5 - 4. Determine a(-2).
-2
Let n(f) = -f**3 - f**2 + f - 4. Let h(i) = i**3 + 9*i**2 - 3. Let x be h(-9). Determine n(x).
11
Let h(a) = -3*a**3 - 4*a**2 - 3*a. Suppose 3*n - 13 = -t, -7 - 3 = -4*t + 2*n. Let x(f) = -f**2 - f. Let b(r) = t*x(r) - h(r). Calculate b(1).
2
Let o = 3 + 1. Let h(k) be the third derivative of k**5/30 - k**4/12 - k**3/2 - 5*k**2. Let t(a) = -a - 1. Let l(v) = o*t(v) - h(v). What is l(-2)?
-5
Let q(d) be the second derivative of d**6/60 + d**3/6 + 7*d**2/2 + 3*d. Let l(i) be the first derivative of q(i). Determine l(1).
3
Let q(c) = -c**2 + 3*c + 1. Suppose 2*x - 12 = -5*j, 4*x - 34 = -5*j - 0. Let p = x - 6. Suppose -p*z + 25 = 5. Determine q(z).
-3
Suppose j - 3*j + 2 = 0. Let a(s) = j - s - 4*s**2 + 0*s + s. Calculate a(-1).
-3
Let k(a) = -a. Let j(h) = h + 1. Let i(o) = j(o) + 2*k(o). Determine i(-5).
6
Let c(b) = -b**3 - 4*b**2 - 1. Let s be ((-14)/(-5) - 4)/(6/20). What is c(s)?
-1
Suppose -2*v + v + 5 = 0. Suppose -5 = v*k, -4*c + 5*c - 5*k - 10 = 0. Let w(h) = -25*h + 32. Let s(a) = 9*a - 11. Let z(x) = -11*s(x) - 4*w(x). Calculate z(c).
-2
Let i(a) be the second derivative of a**5/20 - a**4/4 + a**3/3 - a**2/2 - 2*a. Let g = -3 - -3. Let y = 3 + g. Give i(y).
5
Suppose 25 = 5*d - 5*z, 2*d = -3*z - 2*z - 11. Let w(t) = -t - 6. Let y be w(-8). Let a(n) = -6*n + 0*n**d - 2 - n**y - 1. Calculate a(-4).
5
Let u = 48 + -53. Let q(y) be the second derivative of y**5/20 + y**4/2 + 2*y**3/3 - 3*y**2/2 + y. Determine q(u).
2
Let n(y) = y**3 + 4*y**2 + y + 1. Let b(x) = 8*x + 28. Let k be b(-4). What is n(k)?
-3
Let f = -16 + 11. Let n(a) = a**3 + 4*a**2 - 4*a - 2. Determine n(f).
-7
Suppose 0 = -r - 1 - 2. Let c(m) be the first derivative of -3*m**2/2 - 4*m + 1. Determine c(r).
5
Suppose 8 + 40 = -3*o. Let j = -9 - o. Let w(a) = a**3 - 7*a**2 - a + 1. What is w(j)?
-6
Let i(q) = 2*q - 3*q + 63 - 65 + 2*q. Give i(5).
3
Let g(s) = s - 2. Let q(r) be the second derivative of -r**4/12 - r**3/3 + r**2/2 + r. Let d(v) be the first derivative of q(v). Let f be d(-3). What is g(f)?
2
Let l be 6*(3/9 - 0). Suppose -2 = -2*j + l. Let n(c) = 1 + 5*c**3 - 1 + c**j - c. Determine n(1).
5
Let r(v) be the second derivative of v**4/12 + 5*v**3/6 + 3*v**2 - 3*v. Let o = 3 - 4. Let l be 1*-5*(-1)/o. Determine r(l).
6
Let z(t) = 2*t - 1. Let d be (26 - -6)*1*-1. Let u be d/(-14) - (-6)/(-21). Give z(u).
3
Let o(r) = r**2 + 11*r + 26. Let h be o(-8). Let q(b) = -b**3 + b**2 + 1. Determine q(h).
-3
Let f be 10*(-3)/15*-2. Let i be -1 + 8 - (1 + -1). Let h = f - i. Let a(b) = -b - 1. What is a(h)?
2
Let c be (-24)/14 + 28/(-98). Let u be (-10)/c + 4*-1. Let p(r) = -2*r. Calculate p(u).
-2
Let q(o) = -o**2 - 9*o - 10. Let p be q(-7). Suppose 0 = -j - 2*f - 8, 4*j - 28 = p*f - 0. Let z(m) = 3 - 2 - 2 - 5*m**j + 3*m + m**3. Determine z(4).
-5
Let c = 7 - 2. Let h(n) = -3*n - 3. Let d(o) be the third derivative of -o**4/6 - o**3/2 - 4*o**2. Let b(i) = 4*d(i) - 5*h(i). What is b(c)?
-2
Let t(r) be the third derivative of r**5/60 - r**4/12 + r**3/6 - r**2. Let z(o) = 3*o - 14. Let q be z(5). Give t(q).
0
Let b(k) = k**3 - 5*k**2 + 5*k - 3. Let s be b(3). Let c(z) = -z + 3. Calculate c(s).
9
Let c(k) = -3*k**2 - 2*k. Let p be c(-2). Let f = p - -8. Let s(w) = -w**3 - w**2 - 1. Determine s(f).
-1
Let p(x) = -2*x**3 + 9*x**3 - 3*x**3 + 1. Let k(z) = -z + 7. Let c be (-2*3/1)/(-1). Let h be k(c). Give p(h).
5
Suppose 2*n + n - 5*o + 12 = 0, n = 5*o - 14. Let m(s) = 5*s**2 + s - 1. Let i(g) = 11*g**2 + 2*g - 2. Let w(c) = -6*i(c) + 11*m(c). Determine w(n).
-11
Let f be 6/33 + (-31)/(-11). Let s(l) = 5*l**f - 3*l**3 - 3*l**3 - 2*l**2 - 2. Suppose 0*b - 2 = b. Give s(b).
-2
Let l(r) = -r**2 + 1. Let i(b) = -2*b**3 - b**2 + 3*b. Let p(k) = i(k) - 3*l(k). What is p(2)?
-5
Let m(c) = 2*c**3 + 3*c**2 - 3*c + 1. Let b(k) = k**3 - 4*k**3 - 2 - 4*k**2 - k**2 + 5*k. Let f(i) = -3*b(i) - 5*m(i). Give f(0).
1
Let w(p) be the second derivative of p**4/12 - 5*p**3/6 - 7*p**2/2 - 2*p. Determine w(5).
-7
Let u(t) = 3*t + 68. Let l be u(-21). Let j(n) = -2*n + 7. What is j(l)?
-3
Let d(s) be the second derivative of 0 - 1/3*s**3 - 2*s + 1/6*s**4 + s**2. Let v be (-1*2 + 1)*-2. What is d(v)?
6
Let z(q) =